{"id":2833,"date":"2021-11-29T17:04:01","date_gmt":"2021-11-29T23:04:01","guid":{"rendered":"https:\/\/www.proyamar.com\/rentals\/?page_id=2833"},"modified":"2022-01-20T17:24:03","modified_gmt":"2022-01-20T23:24:03","slug":"logistica","status":"publish","type":"page","link":"https:\/\/www.proyamar.com\/rentals\/logistica\/","title":{"rendered":"LOG\u00cdSTICA"},"content":{"rendered":"<p>[vc_row full_width=\u00bbstretch_row_content_no_spaces\u00bb overlay_dotted=\u00bb\u00bb css=\u00bb.vc_custom_1638226826708{background-image: url(https:\/\/www.proyamar.com\/rentals\/wp-content\/uploads\/2021\/11\/elementos_-02.jpg?id=2709) !important;background-position: center !important;background-repeat: no-repeat !important;background-size: cover !important;}\u00bb][vc_column][vc_empty_space][vc_custom_heading text=\u00bbLOG\u00cdSTICA\u00bb font_container=\u00bbtag:h2|font_size:30px|text_align:center|color:%23265fbb\u00bb use_theme_fonts=\u00bbyes\u00bb][vc_column_text]<\/p>\n<p style=\"text-align: center;\">PROYAMAR disponibilidad inmediata de equipos de elevaci\u00f3n y maquinaria con operador<br \/>\nespecializado en el manejo de plataformas, as\u00ed como el servicio de gr\u00faas para su traslado.<\/p>\n<p>[\/vc_column_text][vc_single_image image=\u00bb3060&#8243; img_size=\u00bbfull\u00bb alignment=\u00bbcenter\u00bb css_animation=\u00bbfadeIn\u00bb][vc_single_image image=\u00bb3059&#8243; img_size=\u00bbfull\u00bb alignment=\u00bbcenter\u00bb css_animation=\u00bbfadeIn\u00bb][vc_empty_space][\/vc_column][\/vc_row]<\/p>\n","protected":false},"excerpt":{"rendered":"[vc_row full_width=\u00bbstretch_row_content_no_spaces\u00bb overlay_dotted=\u00bb\u00bb css=\u00bb.vc_custom_1638226826708{background-image: url(https:\/\/www.proyamar.com\/rentals\/wp-content\/uploads\/2021\/11\/elementos_-02.jpg?id=2709) !important;background-position: center !important;background-repeat: no-repeat !important;background-size: cover !important;}\u00bb][vc_column][vc_empty_space][vc_custom_heading text=\u00bbLOG\u00cdSTICA\u00bb font_container=\u00bbtag:h2|font_size:30px|text_align:center|color:%23265fbb\u00bb use_theme_fonts=\u00bbyes\u00bb][vc_column_text] PROYAMAR disponibilidad inmediata de equipos de elevaci\u00f3n y maquinaria con operador especializado en el manejo de plataformas, as\u00ed como el servicio de gr\u00faas para su traslado. [\/vc_column_text][vc_single_image image=\u00bb3060&#8243; img_size=\u00bbfull\u00bb alignment=\u00bbcenter\u00bb css_animation=\u00bbfadeIn\u00bb][vc_single_image image=\u00bb3059&#8243; img_size=\u00bbfull\u00bb alignment=\u00bbcenter\u00bb css_animation=\u00bbfadeIn\u00bb][vc_empty_space][\/vc_column][\/vc_row]","protected":false},"author":1,"featured_media":0,"parent":0,"menu_order":0,"comment_status":"closed","ping_status":"closed","template":"","meta":[],"yoast_head":"<!-- This site is optimized with the Yoast SEO plugin v18.0 - https:\/\/yoast.com\/wordpress\/plugins\/seo\/ -->\n<title>LOG\u00cdSTICA - PROYAMAR RENTALS<\/title>\n<meta name=\"robots\" content=\"index, follow, max-snippet:-1, max-image-preview:large, max-video-preview:-1\" \/>\n<link rel=\"canonical\" href=\"https:\/\/www.proyamar.com\/rentals\/logistica\/\" \/>\n<meta property=\"og:locale\" content=\"es_ES\" \/>\n<meta property=\"og:type\" content=\"article\" \/>\n<meta property=\"og:title\" content=\"LOG\u00cdSTICA - PROYAMAR RENTALS\" \/>\n<meta property=\"og:description\" content=\"[vc_row full_width=\u00bbstretch_row_content_no_spaces\u00bb overlay_dotted=\u00bb\u00bb css=\u00bb.vc_custom_1638226826708{background-image: url(https:\/\/www.proyamar.com\/rentals\/wp-content\/uploads\/2021\/11\/elementos_-02.jpg?id=2709) !important;background-position: center !important;background-repeat: no-repeat !important;background-size: cover !important;}\u00bb][vc_column][vc_empty_space][vc_custom_heading text=\u00bbLOG\u00cdSTICA\u00bb font_container=\u00bbtag:h2|font_size:30px|text_align:center|color:%23265fbb\u00bb use_theme_fonts=\u00bbyes\u00bb][vc_column_text] PROYAMAR disponibilidad inmediata de equipos de elevaci\u00f3n y maquinaria con operador especializado en el manejo de plataformas, as\u00ed como el servicio de gr\u00faas para su traslado. [\/vc_column_text][vc_single_image image=\u00bb3060&#8243; img_size=\u00bbfull\u00bb alignment=\u00bbcenter\u00bb css_animation=\u00bbfadeIn\u00bb][vc_single_image image=\u00bb3059&#8243; img_size=\u00bbfull\u00bb alignment=\u00bbcenter\u00bb css_animation=\u00bbfadeIn\u00bb][vc_empty_space][\/vc_column][\/vc_row]\" \/>\n<meta property=\"og:url\" content=\"https:\/\/www.proyamar.com\/rentals\/logistica\/\" \/>\n<meta property=\"og:site_name\" content=\"PROYAMAR RENTALS\" \/>\n<meta property=\"article:modified_time\" content=\"2022-01-20T23:24:03+00:00\" \/>\n<meta name=\"twitter:card\" content=\"summary_large_image\" \/>\n<meta name=\"twitter:label1\" content=\"Tiempo de lectura\" \/>\n\t<meta name=\"twitter:data1\" content=\"1 minuto\" \/>\n<script type=\"application\/ld+json\" class=\"yoast-schema-graph\">{\"@context\":\"https:\/\/schema.org\",\"@graph\":[{\"@type\":\"WebSite\",\"@id\":\"https:\/\/www.proyamar.com\/rentals\/#website\",\"url\":\"https:\/\/www.proyamar.com\/rentals\/\",\"name\":\"PROYAMAR RENTALS\",\"description\":\"\",\"potentialAction\":[{\"@type\":\"SearchAction\",\"target\":{\"@type\":\"EntryPoint\",\"urlTemplate\":\"https:\/\/www.proyamar.com\/rentals\/?s={search_term_string}\"},\"query-input\":\"required name=search_term_string\"}],\"inLanguage\":\"es\"},{\"@type\":\"WebPage\",\"@id\":\"https:\/\/www.proyamar.com\/rentals\/logistica\/#webpage\",\"url\":\"https:\/\/www.proyamar.com\/rentals\/logistica\/\",\"name\":\"LOG\u00cdSTICA - PROYAMAR RENTALS\",\"isPartOf\":{\"@id\":\"https:\/\/www.proyamar.com\/rentals\/#website\"},\"datePublished\":\"2021-11-29T23:04:01+00:00\",\"dateModified\":\"2022-01-20T23:24:03+00:00\",\"breadcrumb\":{\"@id\":\"https:\/\/www.proyamar.com\/rentals\/logistica\/#breadcrumb\"},\"inLanguage\":\"es\",\"potentialAction\":[{\"@type\":\"ReadAction\",\"target\":[\"https:\/\/www.proyamar.com\/rentals\/logistica\/\"]}]},{\"@type\":\"BreadcrumbList\",\"@id\":\"https:\/\/www.proyamar.com\/rentals\/logistica\/#breadcrumb\",\"itemListElement\":[{\"@type\":\"ListItem\",\"position\":1,\"name\":\"Portada\",\"item\":\"https:\/\/www.proyamar.com\/rentals\/\"},{\"@type\":\"ListItem\",\"position\":2,\"name\":\"LOG\u00cdSTICA\"}]}]}<\/script>\n<!-- \/ Yoast SEO plugin. -->","yoast_head_json":{"title":"LOG\u00cdSTICA - PROYAMAR RENTALS","robots":{"index":"index","follow":"follow","max-snippet":"max-snippet:-1","max-image-preview":"max-image-preview:large","max-video-preview":"max-video-preview:-1"},"canonical":"https:\/\/www.proyamar.com\/rentals\/logistica\/","og_locale":"es_ES","og_type":"article","og_title":"LOG\u00cdSTICA - PROYAMAR RENTALS","og_description":"[vc_row full_width=\u00bbstretch_row_content_no_spaces\u00bb overlay_dotted=\u00bb\u00bb css=\u00bb.vc_custom_1638226826708{background-image: url(https:\/\/www.proyamar.com\/rentals\/wp-content\/uploads\/2021\/11\/elementos_-02.jpg?id=2709) !important;background-position: center !important;background-repeat: no-repeat !important;background-size: cover !important;}\u00bb][vc_column][vc_empty_space][vc_custom_heading text=\u00bbLOG\u00cdSTICA\u00bb font_container=\u00bbtag:h2|font_size:30px|text_align:center|color:%23265fbb\u00bb use_theme_fonts=\u00bbyes\u00bb][vc_column_text] PROYAMAR disponibilidad inmediata de equipos de elevaci\u00f3n y maquinaria con operador especializado en el manejo de plataformas, as\u00ed como el servicio de gr\u00faas para su traslado. [\/vc_column_text][vc_single_image image=\u00bb3060&#8243; img_size=\u00bbfull\u00bb alignment=\u00bbcenter\u00bb css_animation=\u00bbfadeIn\u00bb][vc_single_image image=\u00bb3059&#8243; img_size=\u00bbfull\u00bb alignment=\u00bbcenter\u00bb css_animation=\u00bbfadeIn\u00bb][vc_empty_space][\/vc_column][\/vc_row]","og_url":"https:\/\/www.proyamar.com\/rentals\/logistica\/","og_site_name":"PROYAMAR RENTALS","article_modified_time":"2022-01-20T23:24:03+00:00","twitter_card":"summary_large_image","twitter_misc":{"Tiempo de lectura":"1 minuto"},"schema":{"@context":"https:\/\/schema.org","@graph":[{"@type":"WebSite","@id":"https:\/\/www.proyamar.com\/rentals\/#website","url":"https:\/\/www.proyamar.com\/rentals\/","name":"PROYAMAR RENTALS","description":"","potentialAction":[{"@type":"SearchAction","target":{"@type":"EntryPoint","urlTemplate":"https:\/\/www.proyamar.com\/rentals\/?s={search_term_string}"},"query-input":"required name=search_term_string"}],"inLanguage":"es"},{"@type":"WebPage","@id":"https:\/\/www.proyamar.com\/rentals\/logistica\/#webpage","url":"https:\/\/www.proyamar.com\/rentals\/logistica\/","name":"LOG\u00cdSTICA - PROYAMAR RENTALS","isPartOf":{"@id":"https:\/\/www.proyamar.com\/rentals\/#website"},"datePublished":"2021-11-29T23:04:01+00:00","dateModified":"2022-01-20T23:24:03+00:00","breadcrumb":{"@id":"https:\/\/www.proyamar.com\/rentals\/logistica\/#breadcrumb"},"inLanguage":"es","potentialAction":[{"@type":"ReadAction","target":["https:\/\/www.proyamar.com\/rentals\/logistica\/"]}]},{"@type":"BreadcrumbList","@id":"https:\/\/www.proyamar.com\/rentals\/logistica\/#breadcrumb","itemListElement":[{"@type":"ListItem","position":1,"name":"Portada","item":"https:\/\/www.proyamar.com\/rentals\/"},{"@type":"ListItem","position":2,"name":"LOG\u00cdSTICA"}]}]}},"_links":{"self":[{"href":"https:\/\/www.proyamar.com\/rentals\/wp-json\/wp\/v2\/pages\/2833"}],"collection":[{"href":"https:\/\/www.proyamar.com\/rentals\/wp-json\/wp\/v2\/pages"}],"about":[{"href":"https:\/\/www.proyamar.com\/rentals\/wp-json\/wp\/v2\/types\/page"}],"author":[{"embeddable":true,"href":"https:\/\/www.proyamar.com\/rentals\/wp-json\/wp\/v2\/users\/1"}],"replies":[{"embeddable":true,"href":"https:\/\/www.proyamar.com\/rentals\/wp-json\/wp\/v2\/comments?post=2833"}],"version-history":[{"count":7,"href":"https:\/\/www.proyamar.com\/rentals\/wp-json\/wp\/v2\/pages\/2833\/revisions"}],"predecessor-version":[{"id":3134,"href":"https:\/\/www.proyamar.com\/rentals\/wp-json\/wp\/v2\/pages\/2833\/revisions\/3134"}],"wp:attachment":[{"href":"https:\/\/www.proyamar.com\/rentals\/wp-json\/wp\/v2\/media?parent=2833"}],"curies":[{"name":"wp","href":"https:\/\/api.w.org\/{rel}","templated":true}]}}